0?
True
Is 13 a factor of 793?
True
Is 14928 a multiple of 24?
True
Does 12 divide 24357?
False
Is 14 a factor of 10472?
True
Does 2 divide 2446?
True
Is 60 a multiple of 3?
True
Does 6 divide 5142?
True
Does 31 divide 1404?
False
Is 4 a factor of 23760?
True
Is 4459 a multiple of 17?
False
Is 8053 a multiple of 159?
False
Is 58 a factor of 810?
False
Does 9 divide 3341?
False
Is 47 a factor of 1893?
False
Is 8 a factor of 4896?
True
Is 191 a factor of 21583?
True
Is 935 a multiple of 16?
False
Does 60 divide 15480?
True
Is 48720 a multiple of 105?
True
Is 15 a factor of 1479?
False
Is 267 a factor of 42601?
False
Is 12154 a multiple of 160?
False
Is 107 a factor of 27574?
False
Is 8 a factor of 57?
False
Is 77812 a multiple of 28?
True
Does 16 divide 76416?
True
Does 25 divide 26079?
False
Is 46154 a multiple of 491?
True
Is 1427 a multiple of 7?
False
Is 7550 a multiple of 13?
False
Is 11 a factor of 10219?
True
Is 16 a factor of 176?
True
Is 284 a multiple of 2?
True
Does 20 divide 22160?
True
Is 19410 a multiple of 5?
True
Is 3125 even?
False
Does 25 divide 9850?
True
Does 8 divide 3232?
True
Is 2193 a multiple of 51?
True
Is 4 a factor of 6192?
True
Is 6504 a multiple of 24?
True
Is 5766 a multiple of 25?
False
Does 63 divide 25515?
True
Does 114 divide 3876?
True
Is 1808 even?
True
Is 13120 a multiple of 205?
True
Does 43 divide 29613?
False
Does 57 divide 1140?
True
Is 105 a factor of 126735?
True
Does 22 divide 770?
True
Is 253 a multiple of 11?
True
Is 34 a factor of 25942?
True
Does 100 divide 3500?
True
Is 8107 a multiple of 40?
False
Is 70 a factor of 7748?
False
Is 140 a factor of 39200?
True
Is 3262 a multiple of 23?
False
Does 15 divide 4020?
True
Is 6 a factor of 702?
True
Is 39 a factor of 312?
True
Is 23 a factor of 302?
False
Is 38 a factor of 20317?
False
Does 5 divide 755?
True
Is 20 a multiple of 3?
False
Is 58 a factor of 53007?
False
Is 10413 a multiple of 9?
True
Does 8 divide 3262?
False
Is 61 a factor of 1769?
True
Is 122 even?
True
Is 12 a factor of 1103?
False
Is 4126 a multiple of 28?
False
Does 112 divide 9520?
True
Does 2 divide 190?
True
Is 17 a factor of 6772?
False
Is 10 a factor of 760?
True
Is 188 a multiple of 18?
False
Is 60073 a multiple of 76?
False
Does 12 divide 1608?
True
Does 8 divide 11290?
False
Is 12271 a multiple of 19?
False
Does 5 divide 27940?
True
Is 14252 a multiple of 11?
False
Is 3 a factor of 1441?
False
Is 83348 a multiple of 16?
False
Does 12 divide 660?
True
Is 3110 a multiple of 47?
False
Is 30 a factor of 1320?
True
Is 166 a multiple of 81?
False
Is 34 a factor of 7685?
False
Is 112 a factor of 8792?
False
Is 18360 a multiple of 8?
True
Does 47 divide 9689?
False
Does 50 divide 131498?
False
Does 11 divide 99?
True
Is 12 a factor of 62418?
False
Is 5759 a multiple of 13?
True
Is 4 a factor of 496?
True
Is 1415 a multiple of 18?
False
Is 17 a factor of 107661?
True
Does 18 divide 1224?
True
Is 4 a factor of 269?
False
Is 472 a multiple of 14?
False
Is 16 a factor of 8539?
False
Does 19 divide 10547?
False
Is 4279 a multiple of 12?
False
Is 80 a multiple of 10?
True
Is 2205 a multiple of 35?
True
Does 25 divide 45750?
True
Does 46 divide 3496?
True
Does 46 divide 1840?
True
Is 5 a factor of 30?
True
Is 63 a factor of 21168?
True
Is 125 a multiple of 3?
False
Is 35 a factor of 2455?
False
Is 3946 a multiple of 16?
False
Does 12 divide 13356?
True
Is 53 a factor of 1418?
False
Is 3 a factor of 648?
True
Does 69 divide 12627?
True
Does 74 divide 2471?
False
Does 27 divide 567?
True
Does 10 divide 9290?
True
Is 25 a factor of 950?
True
Is 34 a factor of 1224?
True
Is 23 a factor of 23?
True
Does 118 divide 9794?
True
Is 971 a multiple of 22?
False
Is 19 a factor of 152?
True
Does 17 divide 15585?
False
Is 220 a multiple of 2?
True
Is 87135 a multiple of 37?
True
Is 5 a factor of 2361?
False
Does 11 divide 5613?
False
Is 6 a factor of 150?
True
Is 627 a multiple of 74?
False
Is 14 a factor of 84?
True
Does 30 divide 240?
True
Does 44 divide 464?
False
Does 44 divide 2506?
False
Is 321 a factor of 121338?
True
Is 4 a factor of 80?
True
Does 93 divide 11157?
False
Is 4 a factor of 4869?
False
Is 391 even?
False
Is 11 a factor of 33675?
False
Is 82410 a multiple of 15?
True
Is 754 a multiple of 10?
False
Is 34 a factor of 8930?
False
Is 2882 a multiple of 11?
True
Is 27 a factor of 2349?
True
Is 222 a multiple of 31?
False
Does 15 divide 91065?
True
Is 319 a multiple of 38?
False
Is 288 a multiple of 8?
True
Does 7 divide 637?
True
Is 17 a factor of 1480?
False
Is 625 even?
False
Is 160 a multiple of 8?
True
Is 4026 a multiple of 17?
False
Is 17 a factor of 5712?
True
Does 18 divide 1545?
False
Does 26 divide 182910?
True
Is 4294 a multiple of 38?
True
Is 460 a multiple of 20?
True
Does 22 divide 36717?
False
Does 38 divide 56949?
False
Is 1540 a multiple of 70?
True
Does 4 divide 1176?
True
Is 1218 a multiple of 21?
True
Does 52 divide 7228?
True
Does 91 divide 2515?
False
Does 25 divide 250?
True
Is 72 a factor of 39932?
False
Does 10 divide 3660?
True
Is 27 a factor of 573?
False
Is 22 a factor of 3696?
True
Is 26660 a multiple of 3?
False
Is 3689 a multiple of 119?
True
Does 15 divide 1650?
True
Does 31 divide 1997?
False
Is 54 a factor of 35806?
False
Is 8 a factor of 3533?
False
Is 15 a factor of 115?
False
Is 4048 a multiple of 44?
True
Is 6007 a multiple of 13?
False
Is 115 a multiple of 23?
True
Is 62 a factor of 62?
True
Is 127 a factor of 21082?
True
Is 2346 a multiple of 69?
True
Is 23854 a multiple of 78?
False
Does 3 divide 6?
True
Is 466 a multiple of 8?
False
Is 8 a factor of 360?
True
Is 98 a factor of 10290?
True
Is 4163 a multiple of 15?
False
Is 22 a factor of 616?
True
Is 34883 a multiple of 87?
False
Is 14 a factor of 7994?
True
Does 4 divide 240?
True
Is 112 a multiple of 16?
True
Is 136 a multiple of 45?
False
Is 123 even?
False
Is 82 a factor of 2050?
True
Is 5094 a multiple of 77?
False
Is 241 a factor of 11809?
True
Does 17 divide 4846?
False
Is 7 a factor of 2024?
False
Is 9 a factor of 263?
False
Does 6 divide 292?
False
Is 35 a factor of 19865?
False
Is 3239 a multiple of 12?
False
Is 1480 a multiple of 2?
True
Does 21 divide 725?
False
Is 1173 a multiple of 54?
False
Does 3 divide 420?
True
Is 173 a factor of 43423?
True
Is 13 a factor of 3146?
True
Is 32376 a multiple of 71?
True
Is 66 a multiple of 7?
False
Is 59 a factor of 45016?
False
Does 113 divide 4746?
True
Does 58 divide 17574?
True
Is 8 a factor of 5720?
True
Is 12 a factor of 4711?
False
Is 12 a factor of 469?
False
Is 68 a factor of 41616?
True
Is 250 a factor of 22250?
True
Is 55 a factor of 9306?
False
Is 86967 a multiple of 9?
True
Does 11 divide 1672?
True
Is 8235 a multiple of 45?
True
Does 29 divide 2436?
True
Does 8 divide 386?
False
Is 11 a factor of 1100?
True
Is 80 a multiple of 20?
True
Is 3691 a multiple of 16?
False
Is 984 a multiple of 6?
True
Is 38 a factor of 3800?
True
Is 2378 a multiple of 29?
True
Does 26 divide 1118?
True
Is 241 a multiple of 47?
False
Is 3843 a multiple of 18?
False
Is 3458 a multiple of 13?
True
Is 36 a factor of 7452?
True
Is 33 a factor of 20397?
False
Is 263 even?
False
Is 24 a factor of 579?
False
Is 58 a factor of 58?
True
Does 64 divide 384?
True
Is 4 a factor of 4844?
True
Is 1286 a multiple of 6?
False
Does 21 divide 2401?
False
Does 2 divide 2870?
True
Does 33 divide 574?
False
Is 306 a multiple of 3?
True
Does 20 divide 420?
True
Is 14993 a multiple of 21?
False
Is 5 a factor of 27?
False
Does 9 divide 2106?
True
Is 260 a multiple of 13?
True
Does 20 divide 6820?
True
Is 1635 a multiple of 3?
True
Does 66 divide 70158?
True
Is 59 a factor of 462?
False
Is 80 a multiple of 71?
False
Is 182 a factor of 14560?
True
Is 20 a factor of 4271?
False
Is 8417 a multiple of 4?
False
Is 94 a factor of 71064?
True
Is 161 a multiple of 23?
True
Does 448 divide 67630?
False
Is 2703 a multiple of 53?
True
Does 6 divide 1270?
False
Is 49 a factor of 195?
False
Does 106 divide 2650?
True
Does 2 divide 11831?
False
Is 2153 a multiple of 9?
False
Is 33 a factor of 71148?
True
Is 861 a multiple of 7?
True
Does 27 divide 4131?
True
Is 16 a factor of 10832?
True
Is 152 a multiple of 16?
False
Is 14 a factor of 18759?
False
Is 4818 a multiple of 33?
True
Is 218 a multip